 digit of 62385?
5
What is the units digit of 28?
8
What is the hundreds digit of 4456?
4
What is the thousands digit of 1703?
1
What is the tens digit of 67920?
2
What is the tens digit of 8323?
2
What is the thousands digit of 2512?
2
What is the units digit of 63838?
8
What is the hundreds digit of 1951?
9
What is the tens digit of 152933?
3
What is the ten thousands digit of 29380?
2
What is the tens digit of 94131?
3
What is the hundreds digit of 55489?
4
What is the hundred thousands digit of 113563?
1
What is the units digit of 33006?
6
What is the units digit of 2635?
5
What is the units digit of 5237?
7
What is the tens digit of 43685?
8
What is the thousands digit of 2988?
2
What is the ten thousands digit of 14704?
1
What is the hundreds digit of 222?
2
What is the thousands digit of 20968?
0
What is the tens digit of 359?
5
What is the ten thousands digit of 52256?
5
What is the tens digit of 37210?
1
What is the tens digit of 16522?
2
What is the thousands digit of 18871?
8
What is the thousands digit of 4585?
4
What is the thousands digit of 4487?
4
What is the tens digit of 70186?
8
What is the units digit of 6213?
3
What is the thousands digit of 2052?
2
What is the tens digit of 964?
6
What is the ten thousands digit of 32797?
3
What is the tens digit of 1017?
1
What is the hundreds digit of 10733?
7
What is the units digit of 2435?
5
What is the units digit of 194?
4
What is the units digit of 54098?
8
What is the hundreds digit of 8462?
4
What is the hundreds digit of 6576?
5
What is the tens digit of 868?
6
What is the tens digit of 91261?
6
What is the hundreds digit of 663?
6
What is the units digit of 20447?
7
What is the thousands digit of 2190?
2
What is the hundreds digit of 15074?
0
What is the tens digit of 931?
3
What is the units digit of 77?
7
What is the hundreds digit of 762?
7
What is the units digit of 1477?
7
What is the units digit of 7902?
2
What is the tens digit of 128203?
0
What is the tens digit of 100?
0
What is the tens digit of 32357?
5
What is the tens digit of 1181?
8
What is the hundreds digit of 957?
9
What is the thousands digit of 1098?
1
What is the thousands digit of 23191?
3
What is the hundreds digit of 11743?
7
What is the tens digit of 13305?
0
What is the tens digit of 2208?
0
What is the hundreds digit of 1307?
3
What is the ten thousands digit of 40248?
4
What is the tens digit of 2543?
4
What is the tens digit of 4583?
8
What is the hundreds digit of 16098?
0
What is the units digit of 7712?
2
What is the thousands digit of 5733?
5
What is the tens digit of 7904?
0
What is the thousands digit of 50536?
0
What is the tens digit of 164?
6
What is the tens digit of 297?
9
What is the tens digit of 742?
4
What is the hundreds digit of 19839?
8
What is the units digit of 1164?
4
What is the tens digit of 5196?
9
What is the tens digit of 7848?
4
What is the units digit of 18803?
3
What is the tens digit of 43361?
6
What is the units digit of 1257?
7
What is the tens digit of 1812?
1
What is the tens digit of 734?
3
What is the units digit of 1360?
0
What is the hundreds digit of 8146?
1
What is the tens digit of 699?
9
What is the tens digit of 1357?
5
What is the tens digit of 5956?
5
What is the thousands digit of 139383?
9
What is the hundreds digit of 7854?
8
What is the tens digit of 916?
1
What is the tens digit of 320?
2
What is the thousands digit of 26051?
6
What is the units digit of 561?
1
What is the units digit of 8158?
8
What is the hundreds digit of 953?
9
What is the thousands digit of 14579?
4
What is the hundreds digit of 896?
8
What is the tens digit of 261?
6
What is the hundreds digit of 44438?
4
What is the units digit of 8428?
8
What is the thousands digit of 23041?
3
What is the tens digit of 27608?
0
What is the units digit of 6428?
8
What is the hundreds digit of 3206?
2
What is the hundreds digit of 971?
9
What is the ten thousands digit of 175426?
7
What is the ten thousands digit of 28437?
2
What is the thousands digit of 68895?
8
What is the units digit of 1618?
8
What is the units digit of 127613?
3
What is the units digit of 10182?
2
What is the hundreds digit of 626?
6
What is the units digit of 1079?
9
What is the tens digit of 300?
0
What is the tens digit of 9116?
1
What is the hundreds digit of 757?
7
What is the units digit of 43578?
8
What is the tens digit of 74490?
9
What is the units digit of 258?
8
What is the thousands digit of 1544?
1
What is the hundreds digit of 6026?
0
What is the hundreds digit of 3857?
8
What is the thousands digit of 19861?
9
What is the hundreds digit of 836?
8
What is the hundreds digit of 3777?
7
What is the ten thousands digit of 16090?
1
What is the thousands digit of 2136?
2
What is the hundreds digit of 76343?
3
What is the units digit of 9900?
0
What is the thousands digit of 27909?
7
What is the thousands digit of 3098?
3
What is the tens digit of 8491?
9
What is the thousands digit of 15591?
5
What is the thousands digit of 23839?
3
What is the thousands digit of 8226?
8
What is the thousands digit of 1932?
1
What is the tens digit of 58657?
5
What is the units digit of 159966?
6
What is the tens digit of 58665?
6
What is the tens digit of 876?
7
What is the thousands digit of 60994?
0
What is the units digit of 686?
6
What is the tens digit of 1004?
0
What is the thousands digit of 144088?
4
What is the hundreds digit of 4610?
6
What is the units digit of 18446?
6
What is the ten thousands digit of 68274?
6
What is the tens digit of 671?
7
What is the hundreds digit of 2423?
4
What is the hundreds digit of 4400?
4
What is the hundreds digit of 6432?
4
What is the thousands digit of 19857?
9
What is the hundreds digit of 4550?
5
What is the hundreds digit of 1031?
0
What is the tens digit of 3750?
5
What is the units digit of 28379?
9
What is the units digit of 14646?
6
What is the hundreds digit of 193?
1
What is the hundreds digit of 2224?
2
What is the hundreds digit of 55951?
9
What is the hundreds digit of 8285?
2
What is the units digit of 835?
5
What is the units digit of 1250?
0
What is the thousands digit of 8688?
8
What is the units digit of 18682?
2
What is the tens digit of 833?
3
What is the tens digit of 61029?
2
What is the hundreds digit of 2491?
4
What is the hundreds digit of 5436?
4
What is the hundreds digit of 32791?
7
What is the hundred thousands digit of 101325?
1
What is the thousands digit of 1849?
1
What is the hundreds digit of 4686?
6
What is the hundreds digit of 1194?
1
What is the hundreds digit of 7303?
3
What is the hundreds digit of 66702?
7
What is the units digit of 97925?
5
What is the units digit of 462?
2
What is the units digit of 2457?
7
What is the thousands digit of 94359?
4
What is the tens digit of 152?
5
What is the tens digit of 146853?
5
What is the units digit of 3610?
0
What is the units digit of 1481?
1
What is the units digit of 17251?
1
What is the hundreds digit of 4002?
0
What is the tens digit of 682?
8
What is the units digit of 20799?
9
What is the hundreds digit of 36415?
4
What is the tens digit of 944?
4
What is the units digit of 7717?
7
What is the tens digit of 20996?
9
What is the hundreds digit of 2778?
7
What is the thousands digit of 36127?
6
What is the units digit of 1153?
3
What is the units digit of 25344?
4
What is the hundreds digit of 425?
4
What is the tens digit of 19953?
5
What is the tens digit of 250?
5
What is the units digit of 1946?
6
What is the hundreds digit of 5511?
5
What is the hundreds digit of 880?
8
What is the thousands digit of 73062?
3
What is the tens digit of 1913?
1
What is the tens digit of 1523?
2
What is the thousands digit of 3478?
3
What is the units digit of 506?
6
What is the tens digit of 53869?
6
What is the ten thousands digit of 19809?
1
What is the hundreds digit of 152?
1
What is the hundreds digit of 1624?
6
What is the thousands digit of 29337?
9
What is the ten thousands digit of 10440?
1
What is the tens digit of 22?
2
What is the hundreds digit of 137?
1
What is the hundreds digit of 15245?
2
What is the hundreds digit of 71805?
8
What is the tens digit of 36782?
8
What is the hundreds digit of 5832?
8
What is the tens digit of 1013?
1
What is the units digit of 2667?
7
What is the hundreds d